4236911 a composite number?
False
Is 2802866107 composite?
False
Is 856374647 prime?
True
Is 12231834161 a composite number?
False
Is 1583749967 prime?
True
Is 2224767859 prime?
True
Is 8166801847 a composite number?
False
Is 28630367219 composite?
True
Is 3928815899 a prime number?
True
Is 30185572367 a prime number?
False
Is 22278314147 composite?
True
Is 18139533899 composite?
False
Is 7690211931 a prime number?
False
Is 1379200051 a composite number?
False
Is 17951683213 composite?
False
Is 3703294157 composite?
True
Is 591119653 prime?
False
Is 1878690155 composite?
True
Is 1021987511 composite?
False
Is 1139542039 prime?
True
Is 31503566711 a prime number?
False
Is 98879793887 composite?
True
Is 1039864409 composite?
False
Is 964143569 a composite number?
False
Is 22006984603 a prime number?
True
Is 4917889667 a prime number?
True
Is 791790941 composite?
True
Is 110848421 a prime number?
False
Is 437470559 composite?
False
Is 72481897 a composite number?
True
Is 2545916579 composite?
True
Is 100157899 prime?
False
Is 143936477 a prime number?
True
Is 19169617043 composite?
True
Is 22394966017 a prime number?
True
Is 5307873539 a prime number?
True
Is 295030907 prime?
True
Is 24643358567 a composite number?
True
Is 79300706971 composite?
False
Is 1651932689 a prime number?
False
Is 9088455653 composite?
False
Is 17635697831 a prime number?
True
Is 2513704645 prime?
False
Is 3328484161 composite?
False
Is 5280630077 a composite number?
False
Is 714529877 composite?
False
Is 836051231 composite?
True
Is 14168933 a composite number?
True
Is 2151918281 a prime number?
False
Is 132090016333 a prime number?
False
Is 182052131 composite?
True
Is 74013704137 composite?
True
Is 12510432901 prime?
False
Is 222339745 a prime number?
False
Is 8252996767 a prime number?
True
Is 1845508789 a prime number?
True
Is 7551674281 a composite number?
False
Is 1131874897 prime?
False
Is 5188289383 a prime number?
False
Is 129134689 prime?
True
Is 2557071245 a composite number?
True
Is 2080010099 composite?
True
Is 10663534891 a prime number?
True
Is 929863999 prime?
False
Is 6078966037 prime?
True
Is 454586131 composite?
True
Is 7037023319 composite?
False
Is 4570424003 composite?
True
Is 926842171 a prime number?
True
Is 12931545541 composite?
False
Is 1500378023 a composite number?
True
Is 215289943 prime?
False
Is 7227395609 prime?
False
Is 11800144253 prime?
False
Is 22246815863 a composite number?
False
Is 51771644189 a composite number?
True
Is 27702526 a composite number?
True
Is 6471758219 prime?
True
Is 21347176469 a composite number?
False
Is 265505704787 a prime number?
True
Is 1081373023 prime?
False
Is 225704197 a composite number?
False
Is 13574868929 a prime number?
False
Is 4536504373 a prime number?
False
Is 74965139 prime?
False
Is 801014401 a prime number?
False
Is 629595067 prime?
True
Is 12341440087 a composite number?
True
Is 46144544519 composite?
False
Is 1018933429 composite?
False
Is 119143601 a prime number?
True
Is 24831969385 a composite number?
True
Is 1618963471 composite?
True
Is 81462304283 a prime number?
True
Is 2262427205 a composite number?
True
Is 7232367479 a prime number?
False
Is 178638379 prime?
False
Is 6843838489 a composite number?
True
Is 6420709021 composite?
False
Is 35058106649 prime?
True
Is 117985390021 prime?
True
Is 590575049 a composite number?
False
Is 13099820869 prime?
False
Is 9922988263 a composite number?
True
Is 392748781 composite?
True
Is 4664003237 a prime number?
True
Is 91547755631 a composite number?
True
Is 5002368721 a prime number?
False
Is 68499933913 a prime number?
False
Is 162854250673 a composite number?
False
Is 2579947889 a composite number?
True
Is 1736958160919 composite?
False
Is 80792349317 prime?
False
Is 4727158291 a composite number?
True
Is 4541264543 a composite number?
True
Is 4153792051 a composite number?
True
Is 28713019 a prime number?
False
Is 979197767 a composite number?
True
Is 7164083549 prime?
False
Is 593466817 a composite number?
True
Is 1640840599 prime?
False
Is 1666534399 a composite number?
True
Is 9423378181 composite?
True
Is 49251048167 a composite number?
True
Is 2020419509 a composite number?
True
Is 1155452867 a composite number?
True
Is 1715642543 a prime number?
False
Is 76942366547 a composite number?
False
Is 4765095403 a composite number?
True
Is 82206772793 a prime number?
False
Is 128812387 prime?
False
Is 249515826067 prime?
True
Is 4558303573 composite?
False
Is 5961018649 a prime number?
False
Is 500080751 composite?
True
Is 6709304489 prime?
True
Is 2327795219 a prime number?
True
Is 49213068707 composite?
True
Is 54392483 a composite number?
False
Is 5305108751 a composite number?
False
Is 19496153819 a composite number?
True
Is 35313863 composite?
True
Is 1633714193 a prime number?
True
Is 15846743779 prime?
True
Is 11654412541 a composite number?
False
Is 3913285039 prime?
True
Is 12581193307 a prime number?
False
Is 528376333 prime?
False
Is 38245776307 a prime number?
False
Is 2111144287 prime?
False
Is 103093563453 a prime number?
False
Is 13949515523 prime?
True
Is 1428690533 a composite number?
True
Is 5906820113 prime?
False
Is 9044546689 prime?
False
Is 14322841369 composite?
True
Is 2819938601 composite?
False
Is 361176955 composite?
True
Is 73690574473 composite?
True
Is 3041847399 a composite number?
True
Is 5522100643 a prime number?
True
Is 27377162983 a composite number?
False
Is 36685387913 composite?
True
Is 731804873 composite?
True
Is 1278452011 a composite number?
False
Is 13401714257 a prime number?
True
Is 311900923 a composite number?
False
Is 3121721699 composite?
True
Is 5031382603 prime?
False
Is 673839821 a prime number?
True
Is 484921037 prime?
True
Is 29716279 a prime number?
True
Is 1639432433 composite?
True
Is 5416196683 a prime number?
True
Is 5339264549 prime?
False
Is 378485329 composite?
False
Is 865868593 prime?
True
Is 1428235699 composite?
True
Is 626296201 a prime number?
False
Is 4189543403 composite?
True
Is 36851738153 prime?
True
Is 3973823855 composite?
True
Is 5193522599 prime?
True
Is 650438143 a composite number?
False
Is 911728583 a prime number?
True
Is 9771009739 composite?
False
Is 165415709 composite?
False
Is 14889699989 a prime number?
False
Is 94530017 a prime number?
True
Is 1326508393 prime?
False
Is 117268751557 a composite number?
False
Is 1224505949 composite?
False
Is 3114303329 a prime number?
False
Is 9836566541 a composite number?
True
Is 3598836269 prime?
False
Is 2971693 a composite number?
False
Is 719369047 a prime number?
False
Is 4533177697 a composite number?
False
Is 28669735579 a prime number?
True
Is 12418057217 composite?
False
Is 281375267651 a prime number?
False
Is 1445935753 composite?
False
Is 12765213913 a composite number?
False
Is 544369967 a composite number?
True
Is 3065014559 prime?
False
Is 109118569411 prime?
True
Is 773272607 a prime number?
True
Is 1029483733 composite?
False
Is 1161853283 composite?
False
Is 8040060247 a prime number?
False
Is 9627395359 a prime number?
True
Is 13073206973 a prime number?
True
Is 47438136203 composite?
True
Is 115473360383 composite?
False
Is 34002979 composite?
True
Is 5701306543 a prime number?
True
Is 3177350455 composite?
True
Is 4726001761 composite?
True
Is 17694871099 a composite number?
False
Is 177095981359 composite?
True
Is 486701783 a prime number?
False
Is 2421445537 a composite number?
True
Is 36237747191 a composite number?
False
Is 7608153719 a composite number?
False
Is 7259572063 a composite number?
True
Is 114650497 composite?
True
Is 91131853819 composite?
True
Is 3612231533 a prime number?
False
Is 56608512699 a composite number?
True
Is 2372139157 a prime number?
True
Is 1751934857 composite?
False
Is 56176487 prime?
False
Is 177753221 a composite number?
True
Is 2653618283 a composite number?
True
Is 20481911413 a prime number?
True
Is 3667685911 a composite number?
False
Is 16035957653 a composite number?
True
Is 7017718823 prime?
False
Is 54053074177 a prime number?
False
Is 2011667367 a prime number?
False
Is 248082983 prime?
False
Is 2772343723 composite?
False
Is 1698627851 a composite number?
True
Is 498862501 a prime number?
False
Is 28116601319 composite?
False
Is 12122753183 a comp